s**3/3 - 30*s**2. Calculate c(-3).
-5
Let a be (19 + 3)/((-2)/12). Let y be (-4)/(-14) - a/28. Let l(x) = -x + 0*x + 6 + x**3 - x - 5*x**2. Give l(y).
-4
Let r be 4/10 + 0 - 1148/(-205). Let v(m) = m**2 - 6*m - 4. Determine v(r).
-4
Let p(i) = -i**2 + 8*i - 7. Let f be p(7). Suppose 10 = 4*h - 2*x, -x + f*x = 3*h - 5. Let m(u) = -u**3 - h*u**2 + u**2 + 8 - u + 2*u**2. What is m(0)?
8
Let p(m) be the third derivative of m**6/120 + m**5/20 - m**4/6 + m**3/6 + 2*m**2. Let l(z) = -2*z + 3 - z**2 + z - 7. Let a be l(0). Give p(a).
1
Let l be (6/(-4))/(1/2). Suppose 4*r - 2*r = 4. Let p(n) = r - n - 6*n + 8*n. Calculate p(l).
-1
Suppose -4*z - 8 = r, z + 2 + 0 = 2*r. Let w be r*2*2/4. Let f(m) = 5 + 7 - 3 - m - 2. Calculate f(w).
7
Let y(k) = k**2 + 7*k + 7. Let q be y(-6). Let c(v) = -9*v + 3. Let r(m) = -10*m + 4. Suppose 5 = 3*d - 4*d. Let n(j) = d*c(j) + 4*r(j). Give n(q).
6
Suppose 2*s = -0*s + 30. Suppose -5*r - s = 15. Let l(x) = x**3 + 6*x**2 - x - 1. Give l(r).
5
Let t(m) = -4*m + 9*m**2 - 6 - 2*m + 0 - 10*m**2. Let v(b) = -b**2 - 2*b + 6. Let f be v(-5). Let k = f + 5. What is t(k)?
2
Let i(b) = 8*b**3 - b**2 + 2*b - 1. Let k = 3 - 9. Let j = 7 + k. Give i(j).
8
Suppose 9 = -4*q + 25. Let f(m) = m**3 - 3*m**2 - 6*m + 5. Calculate f(q).
-3
Let q = -11 - -11. Let x(j) be the second derivative of -1/12*j**4 + 7/6*j**3 + q - 2*j - 5/2*j**2. Determine x(5).
5
Let q(t) = -1. Let c(j) = -2*j. Let x(u) = -c(u) - 6*q(u). Let w(s) = -s**3 + 10*s**2 - 11*s + 12. Let a be w(9). What is x(a)?
-6
Let y = 5 + -6. Let b be y + 1/1 + 6. Let j(d) = 3*d**2 + 9*d + 1. Let n(k) = -4*k**2 - 10*k. Let h(s) = -5*j(s) - 4*n(s). Give h(b).
1
Let l(r) = 21*r**2 + r + 2 - 20*r**2 - 9. What is l(0)?
-7
Let s(m) = -12 - 11 - 615*m + 616*m. Give s(0).
-23
Let f(v) = -2*v - 2. Suppose -2*b + 3*u + 7 = 0, b + 4*u - 1 + 3 = 0. Suppose -2*p - 12 = b*p. Give f(p).
4
Let b(y) be the first derivative of y**4/24 + y**3/2 - 3*y**2/2 - 1. Let j(l) be the second derivative of b(l). Give j(4).
7
Suppose -2*g + 2*y - 10 = -0*g, 0 = -2*g - 2*y - 22. Let h = 6 + g. Let t(c) = c. Let m be t(h). Let b(w) = -3*w - 3. Give b(m).
3
Suppose -21 = 3*r + 2*a, -3*a = 3*r - 0*a + 24. Let c(y) = 3*y - 7*y + 4*y**2 + 0*y**3 + y**3 + 5. Give c(r).
0
Let i(f) = f**2 - f. Let j(t) = t**2 + 8*t + 11. Let l be j(-7). What is i(l)?
12
Let c be -1 + (1 + 0)*3. Suppose -3*l + 3 = 0, -12 = -c*z + l - 5. Let s = 5 - z. Let r(o) = -11*o**3 + 2*o**2 - o. Calculate r(s).
-10
Let i(p) = -p**3 - 7*p**2 - 5*p - 3. Let t = 158 - 161. Determine i(t).
-24
Let x(t) = -t - 3. Let o(j) = j**2 - 10*j + 11. Let w be o(9). Let g be ((-3)/4)/(w/(-8)). Suppose -g = -d + 2*i, d + i = -8 + 2. Determine x(d).
0
Let q = -5 - -8. Let g be (1/(-1))/1 + q. Let h(w) = -6 + 0*w**g + w**3 + 4 + 4*w**2. Determine h(-2).
6
Let m(j) = j**3 - 5*j**2 + 2*j - 7. Suppose 4*d = -d + 25. Let x be m(d). Suppose -3 - x = -w. Let q(r) = r**2 - 6*r + 1. Give q(w).
1
Let p(t) = t**3 - 9*t**2 + 7*t + 10. Let n be p(8). Let j(i) = 1 - 2 - i**3 + 2 + n*i. Let g(a) = a + 3. Let d be g(-4). What is j(d)?
0
Let k(i) = -i**3 + i**2 + i - 1. Let u(r) = -5*r**3 - 4*r**2 - 3*r - 13. Let c(t) = -4*k(t) + u(t). Give c(-7).
-9
Let d(a) be the second derivative of -a**5/20 - a**4/2 + a**2/2 - 8*a. Calculate d(-6).
1
Let j(k) = k**2 - k - 4. Suppose -2*z + 12 = 4*i, 3*z - 4*i + 4 + 8 = 0. What is j(z)?
-4
Suppose 0 = -3*x + 3*i - 15, 21 = -3*x - 2*i + 7*i. Let m(o) = -o. Calculate m(x).
2
Let a(i) be the first derivative of i**2/2 + 3*i - 7. Let m be a(0). Let g(z) = -z + 4. What is g(m)?
1
Suppose -2*f + 11 = -4*r + 3, -2*r - 3*f = 4. Let d(b) = b + 1. Let g(p) = 5*p + 5. Let v(c) = -6*d(c) + g(c). Give v(r).
1
Suppose -3*h + 2*h = -5*g + 20, -3*h - 88 = -g. Let j be 3/(-2)*40/h. Let n(z) = -3*z - 2. Determine n(j).
-8
Let x(v) = -v. Let s(n) = -3*n. Let g be s(-2). Let o = 2 - g. Determine x(o).
4
Let i = 7 - 4. Suppose -20 = -j - i*j. Let b(k) = 7 - 4 - 4 + k**2 + 6 + j*k. Determine b(-4).
1
Let c(u) = -u**2 - 2*u**3 + 2*u + 0*u**3 - u + 3*u**3 + 1. What is c(2)?
7
Let s(q) = q**2 + 6*q. Let d be (-31 - (2 + -1)) + -2. Let g be d/8 - 15/20. Give s(g).
-5
Let n(k) = -k**2 + 7*k - 4. Suppose 2*u - 3*q = 3 + 1, 5*u + 5*q - 35 = 0. Let s(a) = -a**3 + 6*a**2 - 4*a. Let j be s(u). Give n(j).
6
Let x be (-12)/(-8)*(3 + -1). Suppose x*f = 2*a - 3, 3*a + a = 3*f + 9. Let h(i) = 2*i**2 + 2*i - 1. Give h(f).
3
Let h = 43 - 50. Let s(c) = c + 2. Determine s(h).
-5
Let j(p) = p + 6. Let z be 15/(-35)*11 + (-4)/14. Calculate j(z).
1
Let y(w) = -w - 13. Suppose 3*q = -5*n + 5, 2*q + 5 = -q + 5*n. Calculate y(q).
-13
Let i(f) = 66*f - 17. Let g(p) = 13*p - 3. Let h(y) = 11*g(y) - 2*i(y). Give h(-1).
-10
Let o(b) = b**2 - 3*b**2 + 5*b + b**2 - 12*b. Calculate o(-7).
0
Let z(u) = -10*u + 2 + 0*u - 2. What is z(1)?
-10
Suppose 0 = 4*j + 2*r - 2, -2*j - 22 = -j + 5*r. Let q(k) = k + 7. Let d be q(-6). Let l(c) = 0*c + 0 - d + c. Give l(j).
2
Let k(z) = z**3 + 6*z**2 - 7*z - 3. Let g = -20 + 13. Give k(g).
-3
Suppose -5*p - 4 + 24 = 0. Let k(s) = 4*s. Let i(x) = 5*x + 1. Let l(g) = -3*i(g) + 4*k(g). Determine l(p).
1
Let z(j) = j**3 + 3*j**2 + j. Let x(h) = -h**2 - 10*h - 27. Let d be x(-5). What is z(d)?
2
Let m(n) = 2*n**2 + 11*n - 14. Let r(w) = -4*w**2 - 23*w + 30. Let y(t) = 9*m(t) + 4*r(t). Calculate y(-6).
24
Let p(d) = d**3 + d**2 - 3. Let b be 2/(2/19) + 1. Suppose 0 = -4*q - v + 1 - 6, 4*q + 4*v = -b. What is p(q)?
-3
Let b be (-18)/15*-5*1. Let y(c) = -7*c - 5*c**2 + 2*c + c**3 + 0*c**3 - 5. Let j be y(b). Let s(x) = -5*x. Give s(j).
-5
Let g(j) be the first derivative of 6*j + 0*j**2 + 3 - 1/4*j**4 - 2*j**3. What is g(-6)?
6
Let y(m) = -5 + m**2 - 8*m + 10 - 7. Let o be y(8). Let q(p) = -p**2 - p. Determine q(o).
-2
Let l(d) = -6*d + 3. Suppose -14 = -2*w - 2*v - 0, -29 = -2*w - 5*v. What is l(w)?
-9
Let d(s) be the second derivative of -1/6*s**3 - 3/2*s**2 + s + 1/12*s**4 + 0. What is d(0)?
-3
Let u(i) = -2*i**3 - 7*i**2 - 3*i - 10. Let v(q) = 3*q**3 + 8*q**2 + 3*q + 11. Let b(n) = -4*u(n) - 3*v(n). What is b(5)?
-3
Let h(a) = a - 6. Let k be h(7). Let z(m) = -k + m**2 + 0 - 1 - m**3. Determine z(2).
-6
Let s(x) = 17*x**3 + 5*x**2 + 5*x + 1. Let d(z) = 17*z**3 + 6*z**2 + 6*z + 1. Let y(a) = -4*d(a) + 5*s(a). Give y(-1).
-16
Let n(y) = 4*y**2 - 5*y - 2. Let t(v) = 3*v**2 - 4*v - 2. Let s(g) = -4*n(g) + 5*t(g). Let d be 0 + 0 - (-13 + 15). What is s(d)?
-6
Suppose -41*t = -14*t + 108. Let i(n) = 4*n - 4. Calculate i(t).
-20
Let k(x) = -x - 8. Let q be k(-7). Let y(u) = 12*u - 1. Determine y(q).
-13
Let f be 3/((0 + -3)/(-3)). Let m = f + -8. Let n(l) = -3*l - 10. Let r(x) = -2*x - 7. Let h(a) = -5*n(a) + 7*r(a). Calculate h(m).
-4
Let u = -17 - -20. Let z(w) = -4*w - u + 3*w + 4 - 3*w**2 + 2*w. Determine z(2).
-9
Let q(m) be the first derivative of -8*m**3/3 - m**2/2 + 17. Determine q(-1).
-7
Let p(w) = 19 + 8*w**3 - 2*w**3 - w**3 - 28 - 7*w. Let z(u) = -4*u**3 - u**2 + 6*u + 8. Let c(x) = 3*p(x) + 4*z(x). What is c(-4)?
-7
Suppose 4*k - 3*k = 0. Suppose k*b = 4*b + 4. Let t(m) = -3*m**2 - 2*m - 1. What is t(b)?
-2
Let v(i) = -2*i**2 + i. Suppose 3*u = a, u + 1 = -4*u + 2*a. What is v(u)?
-1
Let s(q) = 3 - 1 + 3 + 3*q - 3. Calculate s(-4).
-10
Let u(x) = x + 15. Let v(n) = n + 14. Let r(f) = -4*u(f) + 5*v(f). Give r(-8).
2
Let h(m) be the second derivative of m**3/6 + 2*m**2 + 4*m. Let z(l) = -2*l - 7. Let g(o) = -5*h(o) - 2*z(o). Let p be -1 - (2 + -3)*-2. Calculate g(p).
-3
Let f(o) = -867 - 866 + 1732 + 4*o. Let p be (-1)/(1 - 3)*-2. Calculate f(p).
-5
Let w(i) = -6*i + 9*i - 4*i - 4 + 0. What is w(-6)?
2
Let v(w) = 4*w + 4. Let r(j) = -2*j - 2. Let z(n) = -7*r(n) - 4*v(n). What is z(3)?
-8
Let h = 1 - 5. Let g(u) = 2*u - 4 - 3*u**2 + u**3 + 2 - 3 + 8*u**2. Give g(h).
3
Let h(s) = 2 - 8 - 2*s**2 + 4*s + 12*s - 13*s. Give h(4).
-26
Let o(c) be the second derivative of -c**5/20 - c**4/12 + 9*c. Determine o(-2).
4
Let c(w) = -w**3 - 5*w**2 + 4*w + 5. Let m be 2/(-5) - (3/5 - -4). Calculate c(m).
-15
Let a(w) be the second derivative of 0 + 3/2*w**2 + 0*w**3 - 2*w - 1/12*w**4. Let i be a(0). Let c(o) = o + 1. Give c(i).
4
Let y(k) = k**2 - 1. Suppose -t = v + 4, 3*v + 2*v = -4*t - 18. Determine y(v).
3
Let o(f) be the third derivative of f**6/120 - f**5/12 - f**4/